{"id":11505,"date":"2017-08-31T12:37:39","date_gmt":"2017-08-31T10:37:39","guid":{"rendered":"https:\/\/www.sysbus.eu\/?page_id=11505"},"modified":"2026-01-16T15:02:12","modified_gmt":"2026-01-16T14:02:12","slug":"mediadaten-und-themen","status":"publish","type":"page","link":"https:\/\/www.sysbus.eu\/?page_id=11505","title":{"rendered":"Mediakit"},"content":{"rendered":"\n<p>Hier ein \u00dcberblick unserer Angebote und Themen:<\/p>\n\n\n\n<div data-wp-interactive=\"core\/file\" class=\"wp-block-file\"><object data-wp-bind--hidden=\"!state.hasPdfPreview\" hidden class=\"wp-block-file__embed\" data=\"https:\/\/www.sysbus.eu\/wp-content\/uploads\/2026\/01\/Sysbus_Mediakit_2026_160126-1.pdf\" type=\"application\/pdf\" style=\"width:100%;height:600px\" aria-label=\"Einbettung von Sysbus_Mediakit_2026_160126.\"><\/object><a id=\"wp-block-file--media-646712db-5316-45f2-87ae-40d05103125b\" href=\"https:\/\/www.sysbus.eu\/wp-content\/uploads\/2026\/01\/Sysbus_Mediakit_2026_160126-1.pdf\">Sysbus_Mediakit_2026_160126<\/a><a href=\"https:\/\/www.sysbus.eu\/wp-content\/uploads\/2026\/01\/Sysbus_Mediakit_2026_160126-1.pdf\" class=\"wp-block-file__button wp-element-button\" download aria-describedby=\"wp-block-file--media-646712db-5316-45f2-87ae-40d05103125b\">Herunterladen<\/a><\/div>\n\n\n\n<p>Gerne stehen wir Ihnen f\u00fcr individuelle Angebote zur Verf\u00fcgung. Rufen Sie uns einfach an  schreiben Sie eine Email. Die Kontaktdaten finden Sie in den Mediadaten.<\/p>\n\n\n\n<p><\/p>\n","protected":false},"excerpt":{"rendered":"<p>Hier ein \u00dcberblick unserer Angebote und Themen: Gerne stehen wir Ihnen f\u00fcr individuelle Angebote zur Verf\u00fcgung. Rufen Sie uns einfach<\/p>\n","protected":false},"author":1,"featured_media":0,"parent":0,"menu_order":0,"comment_status":"closed","ping_status":"closed","template":"","meta":{"colormag_page_container_layout":"default_layout","colormag_page_sidebar_layout":"default_layout","footnotes":""},"class_list":["post-11505","page","type-page","status-publish","hentry"],"amp_enabled":true,"_links":{"self":[{"href":"https:\/\/www.sysbus.eu\/index.php?rest_route=\/wp\/v2\/pages\/11505","targetHints":{"allow":["GET"]}}],"collection":[{"href":"https:\/\/www.sysbus.eu\/index.php?rest_route=\/wp\/v2\/pages"}],"about":[{"href":"https:\/\/www.sysbus.eu\/index.php?rest_route=\/wp\/v2\/types\/page"}],"author":[{"embeddable":true,"href":"https:\/\/www.sysbus.eu\/index.php?rest_route=\/wp\/v2\/users\/1"}],"replies":[{"embeddable":true,"href":"https:\/\/www.sysbus.eu\/index.php?rest_route=%2Fwp%2Fv2%2Fcomments&post=11505"}],"version-history":[{"count":129,"href":"https:\/\/www.sysbus.eu\/index.php?rest_route=\/wp\/v2\/pages\/11505\/revisions"}],"predecessor-version":[{"id":30694,"href":"https:\/\/www.sysbus.eu\/index.php?rest_route=\/wp\/v2\/pages\/11505\/revisions\/30694"}],"wp:attachment":[{"href":"https:\/\/www.sysbus.eu\/index.php?rest_route=%2Fwp%2Fv2%2Fmedia&parent=11505"}],"curies":[{"name":"wp","href":"https:\/\/api.w.org\/{rel}","templated":true}]}}